-2*u. Suppose k - 4*k + 353 = 2*p, 3*k + 4*p - 355 = u. What is the tens digit of k?
1
Suppose 0 = 87*d - 93*d + 102. What is the hundreds digit of 611 - (17/d)/(1/(-5))?
6
Let p(g) = 276*g**3 + 10*g**2 - 6*g + 98. What is the ten thousands digit of p(6)?
6
Let g(m) = m**3 + 21*m**2 - 36*m + 40. Let t(p) = -3*p**3 - 64*p**2 + 108*p - 119. Let s(d) = 7*g(d) + 2*t(d). What is the tens digit of s(-20)?
6
Let g = 9 - 8. What is the tens digit of (g - (-184)/(-3))/(51/(-153))?
8
Let i be (21 - 15)*2/3. Let x be (-1 - (-6)/i)*(12 - 4). Suppose -41 = 4*u - a - 760, x*u - 734 = -2*a. What is the units digit of u?
1
Suppose -39 + 17 = -m. Suppose m*r + 594 = 24*r + 2*b, 5*b + 859 = 3*r. What is the units digit of r?
3
Let v(n) = 46*n**2 - 1006*n + 9. What is the units digit of v(28)?
5
Let s(k) = -3262*k**3 - 4*k**2 - 25*k - 40. What is the tens digit of s(-2)?
9
Let r be 594/21 + 1/((-14)/4). Let d = r + -28. What is the tens digit of 133*(d - 18/(-21))?
1
Suppose 3*v - 5 = 4. Let a = 8 - v. Suppose -a*o = -c - 0*o + 57, 5*c - 4*o - 264 = 0. What is the units digit of c?
2
Suppose -4*d = 2*n - 62, 5*d + 22 - 88 = -2*n. Let t(f) = f**3 - 20*f**2 - 52*f - 7. What is the tens digit of t(n)?
8
Suppose 177 = 4*b - o, 2*b = -3*o - o + 84. Let l = b - -122. What is the units digit of l?
6
Let g be (2/6)/(4/204). Suppose g*h - 20*h = -411. What is the units digit of h?
7
Suppose -30 = 4*b - 10*b. Suppose b*x = 5*s - 85, 4*s + 7 = -3*x + 40. Suppose s = 12*n - 9*n. What is the units digit of n?
4
Let k(p) = -p**2 + 5*p + 72. Let n be k(-6). Suppose 2*f - 105 = -5*l + n*l, -4*l + 20 = 0. What is the tens digit of f?
5
Suppose -140525 = -3*w + u, -80192 - 107178 = -4*w + 2*u. What is the hundreds digit of (w/168 - (-18)/21)*3?
8
Suppose 410245 = 15*r - 7565. What is the hundreds digit of r?
8
Suppose -187*w = -186*w + 3. What is the hundreds digit of (74/(-4))/(((-15)/(-350))/w)?
2
Let a = -170 - -169. What is the units digit of (a/2)/(-1) - 4365/(-10)?
7
Let l(q) = -40 + 10*q + 0*q + 45. Let y be l(5). What is the units digit of -270*(y/(-15) - -3)?
0
Suppose -4*z + 282 = -c, -25*z = -26*z - 2*c + 66. Suppose -5*r - a = -2*r - z, 5*a + 106 = 4*r. What is the units digit of r?
4
Let h(m) = 58*m**3 + 6*m**2 - 46*m + 35. What is the units digit of h(6)?
3
Suppose 9*z + 4*z = 39. Suppose 0 = z*i + 12*i - 240. Suppose 3*h + c - 320 = 0, -3*h - 2*c = -332 + i. What is the hundreds digit of h?
1
Let k = 18 + -13. Suppose 2*f - k*f = -2*i + 16, f = i - 9. Suppose 7*j = i*j - 428. What is the units digit of j?
7
Let k(d) = -d**3 + 37*d**2 + 130*d - 207. What is the hundreds digit of k(36)?
7
Suppose x + 667 - 4375 = -3*t, -x + 3*t = -3672. What is the units digit of x?
0
Suppose 28446 - 668877 = -38*n + 146397. What is the tens digit of n?
0
Suppose -3*j - 30*y + 26*y - 202 = 0, -4 = -2*y. What is the units digit of (-5)/j*-12*-987?
6
What is the hundreds digit of (25/10 + -5)*(1293456/(-30))/4?
9
Let p = 6705 + -3042. Let m = p + -2307. What is the units digit of (-18)/12*m/(-9)?
6
What is the tens digit of (-552)/(-15)*10/4?
9
Suppose 0 = -2*r + 217*r - 479880. What is the thousands digit of r?
2
Suppose 5*t = 5*o - 505, 2*o + 3*t - 529 = -3*o. Suppose -60*y + 71*y + 33 = 0. What is the units digit of ((-6)/13)/y + 11840/o?
4
Let d = 29219 + -3813. What is the tens digit of d?
0
Let c = -74 + 70. What is the tens digit of 42/c*(-20)/(-25)*-20?
6
Suppose 2*n = 5*h - 25, -h + n - 4*n = -22. Suppose -5*u + 50 = -5*x, h*u - 10 = 2*u - 5*x. Let g(m) = 9*m - 15. What is the units digit of g(u)?
9
Let l be 7/3 + (-12)/(-18). Let z = -19 + 19. Suppose z = -n + l*n - 44. What is the tens digit of n?
2
Let y = 57 - 52. Suppose -4*z = -115 + 19. Suppose y*h - z = h. What is the units digit of h?
6
Let r = 4 + -1. Suppose -16 = -6*s + 2*s. Suppose -3*t = -12, -s*w + r*t = 6*t - 532. What is the tens digit of w?
3
Suppose 24*k = 29*k - 405. Suppose l - 2*z - 12 = 0, 3*l + 5*z - 10 = k. What is the tens digit of ((-11)/l)/(1/(-92))?
4
Let k(j) = 387*j + 48. Let g be k(6). Suppose -y = -5*q + g, -4*y = -2*q - 7*y + 931. What is the tens digit of q?
7
Let m = -1948 - -22861. What is the ten thousands digit of m?
2
Let l(b) = -b**3 + 4*b**2 + 14*b - 12. Let x be l(6). Suppose -24*r + 20*r + 8 = x. Suppose -3*w + 411 = -3*p + p, -r*p = w - 145. What is the units digit of w?
9
Let g(r) = -4*r - 45. Let k be g(-12). Suppose -k*w - 4*i - 47 = -375, -3*w + 3*i = -321. Let v = w - 23. What is the tens digit of v?
8
Let x(l) = -2*l + 35. Suppose -s + 4*t = 3*s - 188, -4*s + t = -197. Suppose 0 = 2*q + 2*j + 28, -4*j = -5*q - 5*j - s. What is the units digit of x(q)?
3
Suppose 3*n + 75 = -0*n. Let o be (-5)/n - ((-48)/10 + 1). What is the units digit of (8*(-4)/28)/(o/(-14))?
4
Let y = 2018 + 7145. What is the thousands digit of y?
9
What is the thousands digit of (-6)/(-63) - (5*6272692/30)/(-14)?
4
Suppose -4*x + 1 = -3*z, -2*x + 14 = -4*z + 26. Suppose -z*i = -5*u - 3155, i - 627 = 3*u - 0*u. What is the hundreds digit of i?
6
Let t be (8/2 - -8)/((-3)/(-4)). Suppose -t - 5 = -3*h. Suppose 4*x + 4*v = 16, 13 = 5*x - v - h. What is the units digit of x?
4
Let w = 975 + -625. Let i = w - 253. What is the tens digit of i?
9
Suppose 55*w - 15*w - 520 = 0. Suppose -w*t = -887 - 998. What is the units digit of t?
5
Let p(o) = -o + 6. Let y be p(1). Suppose -5*m + 4315 = -0*m + y*k, 3*m - 2594 = -4*k. What is the hundreds digit of m?
8
Let a = -2954 + 4506. Suppose -3*c = 5*x - 3886, -a = -2*x - 3*c + c. What is the units digit of x?
9
Let i(v) = -47*v + 42. Let n be i(-13). Suppose -5090 + n = -9*y. Suppose -659 - y = -9*x. What is the units digit of x?
8
Let x = -4304 - -8821. What is the thousands digit of x?
4
What is the tens digit of -2 + -6 + (-1360)/(-8)?
6
Let s = 150 - 39. Let t(c) = c**2 - 7*c - 5. Let r be t(8). Suppose 105 = r*z - s. What is the tens digit of z?
7
Suppose -5*w = -20*w - 53202 + 174822. What is the tens digit of w?
0
What is the units digit of 3788496/720 + 3/15?
2
Let b = 36526 + -25871. What is the tens digit of b?
5
Let w = 28190 - 22025. What is the tens digit of w?
6
Let i(n) = -3*n**2 - 680*n - 90. What is the tens digit of i(-35)?
3
Let p be -9*((-246)/27 + 8). What is the tens digit of (-4)/p + (21303/45 - -13)?
8
Let s(b) be the third derivative of b**6/120 - b**5/20 + b**4/3 + 5*b**3/6 - 66*b**2. What is the tens digit of s(5)?
9
What is the ten thousands digit of (35142 - 9) + 3 + -7 + 3 + 2?
3
Suppose 21*i + 751338 = 110*i. What is the units digit of i?
2
Let w be 0/(-2) - 245/5. What is the units digit of 31*(w/(-7) + 4)?
1
Let g = -11266 + 16937. What is the units digit of g?
1
Let h = 300 + -222. What is the tens digit of -1 - (-19689)/39 - (-12)/h?
0
Suppose -21260 = -j - 32*z + 28*z, 63780 = 3*j - 4*z. What is the hundreds digit of j?
2
Let c = 73 - 74. What is the tens digit of (1 - (-4)/(-8))/(c/(-662))?
3
Let q = -478 + 500. Suppose q*i - 5539 = -4*c + 27*i, 5*i + 15 = 0. What is the units digit of c?
1
Let w(k) = 17*k - 17. Let h(p) = -9*p + 8. Let q(n) = 7*h(n) + 3*w(n). Let s be (2/(-8))/((-4)/(-24))*2. What is the units digit of q(s)?
1
Let k = 74 + 159. Let t = 39 + k. What is the hundreds digit of t?
2
Let v = 29101 - 10338. What is the ten thousands digit of v?
1
Let s(w) be the third derivative of 5/12*w**4 + 0 + 0*w + 4*w**2 - 13/6*w**3. What is the tens digit of s(8)?
6
Let l(u) = 7*u**2 + 17*u + 40. Let b be l(13). Let g = -885 + b. What is the hundreds digit of g?
5
What is the ten thousands digit of 14072 - 4*(3/(-14))/((-228)/(-266))?
1
Let z(w) = 4*w + 52. Let g be z(-34). Let u = 542 + g. What is the tens digit of u?
5
Let a(k) = k**3 - 2*k**2 - k + 83. Let r be a(0). Let g = 88 - r. Suppose g*o = 4*f + 62 + 60, 3*o + 2*f - 60 = 0. What is the units digit of o?
2
Let k be 104 + (-1)/((-4)/8). Suppose -5*z - 20 = 0, 3*z = 2*m - 0*m - k. Let x = m + 35. What is the tens digit of x?
8
Let c be (-658)/(-4) + 4/(-8). Suppose -2 = 2*v, 4*v + c = 2*j - 6*j. What is the units digit of -1 - (-8)/(j/(-675))?
4
Suppose -2*j + 71 - 21 = 0. Let w(u) = 14 + 68*u + 14 - j. What is the tens digit of w(1)?
7
What is the ten thousands digit of (11509/68)/(321/160 + -2)?
2
Suppose 0 = 52*a + 1041 - 365. Let h(p) = -p**3 - 11*p**2 - 2*p - 27. What